 t(o). Calculate the highest common divisor of 125 and a.
25
Let w be (-483)/(-12) - 2/8. Suppose -149*r + 147*r = j - 418, -j + 2*r + 462 = 0. What is the highest common factor of j and w?
40
Suppose 0 = 5*s - 3*j - 18, -2*j = -3*s - 3*j + 8. Let y(u) = 131*u + 9459. Let p be y(-72). What is the greatest common factor of s and p?
3
Let h be 268/192 + (-27)/432 + 262/6. Let y = 21 - 6. Calculate the highest common factor of h and y.
15
Let x be 616/(-35) + (-4)/10. Let c(h) = -h + 18. Let d be c(x). Let b = -21 + 39. What is the highest common divisor of b and d?
18
Suppose 3*u - 8*u + 35 = 0. Suppose -2 = f + u*b - 4*b, 2*f + 5*b + 1 = 0. Let c = 8 + 41. Calculate the greatest common factor of f and c.
7
Let k(n) = 50*n**3 + 113*n**2 - 537*n + 10. Let i be k(5). What is the greatest common divisor of i and 20?
20
Let l = -169 - -174. Suppose g = -l*y + 95, -3*g + 2*y - 272 = -6*g. Calculate the greatest common divisor of g and 20.
10
Suppose -43 - 115 = -9*z + 31. Calculate the highest common factor of 132 and z.
3
Suppose -3*s - 94 = -3*g + 2*s, 4*s = 4. Suppose -g = 2*h - 193. Suppose 0 = -4*b + 9 - 1, 4*t - 4*b - h = 0. What is the greatest common factor of 22 and t?
22
Let w be 8*(6 - (-55)/(-10)). Suppose 862 = 3*p - 4*f, p - w*p = 5*f - 826. What is the greatest common factor of 6 and p?
6
Suppose 25835*z - 25796*z = 6045. Calculate the greatest common divisor of 5177 and z.
31
Let z = -59 - -61. Suppose -h = -3*c + z, 5*c + 5*h - 22 = 4*c. Suppose -4*p = 4*b - 80, p - 3*p - 32 = -c*b. What is the greatest common factor of 36 and b?
18
Let d(u) = u**2 - 8*u + 10. Let p be d(7). Let n(h) = h**2 - h - 4. Let y be n(p). Suppose 0 = -2*o - o + 42. What is the greatest common factor of y and o?
2
Let z be 5/((-35)/(-2)) - 103/(-7). Let i(v) = -23 - 5*v**2 - 14*v - 8*v**2 + 17*v**2. Let w be i(7). Calculate the highest common factor of z and w.
15
Suppose 3*n + n - 144 = 0. Let c(z) = -3*z + 12. Let o be c(18). Let i = o + 46. Calculate the highest common divisor of i and n.
4
Suppose -5*z = -2*z - 252. Suppose 145 = 4*m - 4*j - 271, 4*m + 5*j = 425. Calculate the greatest common factor of m and z.
21
Let u be 0 + -8 - 2/((-238)/(-245) + -1). Suppose -4*k = -3*k - 2*s - 436, s = 4*k - 1737. What is the highest common divisor of u and k?
62
Let o be 168 + -1 - -9*(-20)/30. Calculate the greatest common divisor of 46 and o.
23
Let r be ((-9)/((-135)/10))/((-2)/(-201)). Suppose 3*b + r = 4*a, 0*a - 3*a + 47 = b. Calculate the greatest common divisor of a and 112.
16
Let a be (-13 + 20 + -10)/(2/(-30)). What is the greatest common divisor of a and 234?
9
Let m(v) be the first derivative of 17*v**2/2 - 306*v - 117. Let r be m(19). Let s = 73 + -39. Calculate the highest common divisor of r and s.
17
Let d be (-1 + 6/9)/(11/(-1485)). Let x be (-13)/((-30)/d*1/6). Calculate the highest common factor of x and 13.
13
Suppose 2*j - 3 = -2*v + 17, v = 2*j + 7. Suppose 23 + 58 = v*o. Let g = o - -28. What is the highest common factor of g and 259?
37
Suppose b - 41 = -4*a + 24, b + 3 = 0. Let w = -295 + 431. Calculate the greatest common divisor of w and a.
17
Let q = 106 - 128. Let n be ((-11)/q)/(((-5)/(-34))/5). Calculate the greatest common factor of n and 119.
17
Suppose -6*b + 11*b = 75. Suppose m + 0*u = 2*u + 545, -5*u - b = 0. What is the greatest common factor of m and 11?
11
Let z be 68480/208 - (-6)/(-26). Calculate the highest common divisor of 28 and z.
7
Let q be 78/14*(-424 + 3371). What is the greatest common divisor of 39 and q?
39
Let r = 5739 - 5102. What is the highest common factor of 65 and r?
13
Suppose 0 = -3*t - 0*t + 363. Let k(r) = -r**2 - 8*r - 1. Let y be k(-14). Let v = y + t. Calculate the greatest common factor of v and 12.
12
Let b = -15287 - -15319. What is the highest common factor of 23648 and b?
32
Let a(w) = -12*w**3 - 3*w**2 - 2*w + 61. Let k be a(-16). Calculate the highest common factor of k and 39.
39
Suppose 0 = 2*o + z, -z + 28 = 4*o - 6*z. Suppose 0 = 5*g - o - 78. Calculate the highest common divisor of g and 80.
16
Suppose -4*a - 60 = -6*a + 4*l, 4 = l. Let b be ((-2)/(-5))/((-61)/(-305)). Calculate the greatest common factor of a and b.
2
Let z = 27275 + -26923. What is the greatest common divisor of z and 198?
22
Let j = -18478 - -18546. Calculate the greatest common factor of 52 and j.
4
Suppose -2 = -d - b, 0*b + 5*b = d - 32. Let s(h) = 4 - 5 + 10*h - 1 - d*h + 9*h**2. Let g be s(4). Calculate the highest common factor of g and 14.
14
Let l = -2319 + 5857. What is the highest common divisor of 58 and l?
58
Let l be (-83)/(-7) - 32/(-224). Suppose 92 = 2*o - 4*d, 9*o - 2*d = l*o - 178. What is the highest common divisor of o and 84?
28
Let u = 3010 - 2980. Calculate the highest common divisor of 336 and u.
6
Suppose -5*x = -11*t + 16*t - 21165, -3*x + 2*t = -12734. What is the greatest common divisor of x and 40?
40
Let d = -21 + 32. Suppose -118*j + 363 = -115*j. What is the highest common factor of d and j?
11
Let s = 3480 + -3460. What is the highest common factor of 85 and s?
5
Suppose 69*y = -31*y + 150*y - 5700. Calculate the greatest common factor of 18924 and y.
114
Suppose -5*u = -m - 155, 5 = u - 4*m - 45. What is the highest common divisor of 1880 and u?
10
Let x = -3310 + 3450. Calculate the highest common factor of 588 and x.
28
Suppose 0*b - b + 217 = 0. Suppose 4*o = 267 + b. Suppose 4*k - 56 = 4*l, 4*k + 3*l - 6*l - 53 = 0. What is the greatest common divisor of o and k?
11
Let q(u) = -2*u**2 + 75*u - 180. Let i be q(34). Calculate the highest common factor of 29 and i.
29
Suppose 5*d = 4*v + 29, -3*v - 12 = -4*d + 11. Suppose d*m + c + 0 = 5, -4*m - 12 = 4*c. Let w be 6/(3/2*3/6). What is the highest common divisor of w and m?
2
Let w be (-2 + 38/(-5))*(-29 + 559/(-39)). What is the greatest common factor of 1313 and w?
13
Suppose 5*q + 2*v - 52 = 0, 0 = 2*q - 4*v - 3 - 13. Let g be ((-30)/(-14))/((9435/31598)/85). What is the highest common factor of g and q?
10
Suppose -r = -w + 232, -3 = 5*r + 7. Let d = -60 - -80. What is the greatest common divisor of d and w?
10
Let y = 3750 - 3726. What is the greatest common factor of y and 390?
6
Let y be (-6)/3 + 12 + (-1 - 7). Suppose -5*k = -y*h - 40, -25*k + 23 = -22*k - h. Calculate the highest common factor of 9 and k.
3
Let w be 55/33*(6 + 0 + 3). Suppose 5*a + 39 = 14. Let x(f) = 3*f**2 + f + 5. Let b be x(a). Calculate the greatest common factor of w and b.
15
Let y(c) = 68*c - 390. Let x be y(6). Calculate the highest common divisor of x and 426.
6
Let j = 5182 - 5146. Calculate the greatest common divisor of j and 117.
9
Let s be (-12)/(-8) - -1 - 2/4. Suppose -s*f + 17 = 1. Suppose 5*p = -5*y + 65, -4*y + 9*p - f*p = -62. Calculate the greatest common factor of 165 and y.
15
Let o(q) = -7*q - 16. Let t be o(-7). Let z = 49 - t. Let b = -13 + z. What is the greatest common divisor of b and 1?
1
Let b be (261/6)/(-3)*-2. Suppose 3*y - b = 5*m, y = -0*y + 2*m + 10. Let o be (51/(-18) - -3)*-4*-6. Calculate the highest common divisor of o and y.
4
Let j be 153/6*(524/30 + 12/(-15)). What is the highest common divisor of j and 725?
25
Suppose -26*c + 72*c = 21712. Calculate the greatest common factor of c and 295.
59
Let n be ((-830)/(-5))/(((-85)/10)/(-17)). What is the greatest common factor of 747 and n?
83
Let z be 9538/342 - 2/6 - 8/(-18). Calculate the greatest common divisor of z and 2569.
7
Suppose x + w - 6*w = -14, w = 5*x - 2. Let s be (((-8)/(-10))/(-1))/((-13)/(-195)). Let r be (6/s)/((-1)/2). What is the highest common divisor of r and x?
1
Let o be (-5)/10 - 14/(-4) - 1. Suppose 3*n + o = 2*n. Let x be 7*(n/3)/(21/(-45)). Calculate the highest common factor of x and 20.
10
Suppose 14*a + 4224 - 2952 - 10288 = 0. Let b = 125 + -97. Calculate the greatest common divisor of a and b.
28
Suppose c = 33*c + 15*c - 292011. What is the highest common factor of c and 57?
57
Suppose 6 = 2*h + 14. Let q be (-2)/(-16)*-6*h. Suppose q*c = c + 48. What is the greatest common divisor of 32 and c?
8
Suppose 0*i + 128 - 338 = -3*i. What is the greatest common divisor of i and 1150?
10
Let n be -2*((-19150)/20 - 14). Calculate the greatest common divisor of 58 and n.
29
Let v(r) = -2*r**3 + 37*r**2 - 32*r + 6. Let q be v(16). Let l = 1